(f) = 8*f**3 + 2216*f**2 - 3*f - 3*f**3 - 2212*f**2 - 6*f**3 - 4. Suppose -5*c - 5*m = -0*m, m - 12 = -5*c. Calculate o(c).
-4
Let v(c) = -2*c - 45 + 20 + 24 + c. What is v(-2)?
1
Let x(p) = 2*p + 1. Suppose 0*u + 3*y = u - 14, -3*y - 9 = 0. Suppose a = 2*h - 2, 0*h + 10 = -u*h. Give x(a).
-11
Let m(i) = -i - i**2 + 2*i**2 + 1 - 2*i**2 - 3*i**3. Let t(v) = -10*v - 36. Let q be t(-4). Suppose -5*j - 6 = -h + 5, 3*j = -2*h - q. Give m(h).
-4
Let j(p) = 4*p + 3. Suppose -2*v = -2*i + 10, 3 = v - 4*v. Suppose -23*h = -21*h + i. Calculate j(h).
-5
Suppose 6 = 3*l - 6*l + 5*z, 4*l - 5*z + 3 = 0. Let f(i) be the second derivative of -i**4/12 + 2*i**3/3 - 17*i. Give f(l).
3
Let q(d) = 7*d**3 - 7*d**2 + 9*d - 4. Let o(v) = -4*v**3 + 3*v**2 - 5*v + 2. Let c(j) = 5*o(j) + 3*q(j). Suppose 7 + 11 = 3*y. What is c(y)?
10
Let p(v) = 9*v + 79. Let f be p(-9). Let o(u) = 7*u**2 + 1. Calculate o(f).
29
Let z(q) = 44*q**2 + 40*q**2 + q**3 + q - 3*q + 0*q**3 - 81*q**2 + 5. Suppose -l = -0 + 4. Give z(l).
-3
Let i(v) = -v**3 + 11*v**2 + 14*v - 17. Let x be i(12). Let b(o) = -2*o + 6. What is b(x)?
-8
Let q(k) = 6*k - 31*k + 7 + 12*k + 12*k. Determine q(-5).
12
Let s be (-36)/108 - 38/(-6). Let y(o) = 3*o - 14. Determine y(s).
4
Suppose -19 = 4*m + 5*h, -6*m + 3*m + h - 19 = 0. Let f(y) be the second derivative of 1/12*y**4 - 1/2*y**2 + 17*y + 0 + 5/6*y**3. What is f(m)?
5
Let q(k) = -k - 17. Let c be q(-13). Let j be (c/8)/((-1)/8). Suppose 0 = j*o - 0*o + l, -2*l = 5*o. Let v(y) = y - 6. Determine v(o).
-6
Suppose -15 = 5*m - 3*y, -m + 20 = 4*m + 4*y. Let s(j) = -j + 0 + 0 - 21*j**2 + 20*j**2. Give s(m).
0
Let r(m) = -3*m**2 - 45*m + 3. Let t(o) = 2*o**3 + 34*o**2 - 15. Let y be t(-17). Calculate r(y).
3
Let a(q) = 2*q + 13. Let k(n) = n + 7. Suppose 3*y + 9 = 0, -9 = 3*w + w - y. Let t(o) = w*a(o) + 5*k(o). Give t(8).
-12
Let p(d) = d**3 + 4*d**2 - 4*d - 2. Let l(x) = -6*x**2 + 3*x**2 + 4*x**2 - 14*x**3. Let q be l(-1). Suppose -2*n - c = 5 + 4, -q = 4*n + 5*c. Give p(n).
-7
Let z(g) be the first derivative of -3*g**2/2 - g - 92. Determine z(-7).
20
Let u(y) = -21*y**3 - 1 - y + 39*y**3 - 4*y**2 - 19*y**3. Determine u(-4).
3
Let m(k) = 21*k**2 - 20*k**2 - 12 - 4*k - 5*k. Give m(10).
-2
Suppose 5 = 4*n - 3. Let u(q) = q**2 - 2*q**2 + 1 + 4*q + n*q**2. Suppose -4*s = 10 + 10. Calculate u(s).
6
Let i(z) = -z**3 + z**2 + z + 1. Let s(q) be the third derivative of -q**6/20 + q**4/24 + q**3/2 - 4*q**2. Let p(r) = 5*i(r) - s(r). Determine p(-3).
8
Let v(n) = -n**3 - 7*n**2 + 6*n - 13. Let o be v(-8). Let b(a) = 3*a - a + o*a - 4*a. Let k = -2 + 6. Give b(k).
4
Let k(i) = i + 2. Let j = -117 - -110. What is k(j)?
-5
Let d(v) = 1 - 4*v + 2 - 7*v**2 - v**3 + 0. Let i(a) = -a**2 + 13*a - 18. Let r be i(12). What is d(r)?
-9
Let j(a) = 10703 + 6*a - 10703 + a. What is j(1)?
7
Let n(x) be the first derivative of x**6/360 + x**5/40 - 5*x**4/24 - 9*x**3 + 54. Let o(i) be the third derivative of n(i). Give o(-4).
-1
Let t be (7 + 115/(-15))/((-2)/(-21)). Let u(a) = a**2 + 6*a. What is u(t)?
7
Let w(s) = 5*s**2 - 7*s - 5. Let y be w(-2). Let x = 35 - y. Let q(v) = -v. Give q(x).
-6
Let l(y) = 25 + 25 + 29 - y - 81. Determine l(-5).
3
Let q(o) = o**3 - 2*o**2 - 3*o + 2. Let l be q(3). Let m(u) = 3*u + 6*u**l + u**3 + 0*u + 2*u - 2 + 0. Give m(-5).
-2
Let q(x) = -x**3 + 46*x**2 - 48*x + 128. Let p be q(45). Let z(k) = -k**3 - 9*k**2 - 7*k - 2. Give z(p).
-51
Let i(v) be the second derivative of v**3/6 + 19*v. Let j(q) = -2*q - 1. Let r(z) = -i(z) - j(z). Give r(0).
1
Let a = -9 + 5. Let l(w) = 14*w - 8*w + 1 - 2*w - 11*w + w**2 + 6*w. What is l(a)?
21
Let x(y) be the third derivative of y**4/24 + y**3/6 - 39*y**2. What is x(-3)?
-2
Let m = -470 - -465. Let p(c) = -c**2 - 6*c - 12. What is p(m)?
-7
Suppose 3*p - 2*c = 6*p + 1, -c = 2*p. Let j(g) = -p - 79*g - 69*g + 149*g. What is j(4)?
3
Let s(y) = 12*y + 4. Let x(n) = 4*n + 1. Let p(f) = -f**2 + 3*f - 3. Let v be p(3). Let h(m) = v*s(m) + 10*x(m). Let r be (-1)/(-2) + 6/4. What is h(r)?
6
Let f(w) be the first derivative of -w**3/3 - w**2 + 4*w + 7. What is f(-5)?
-11
Let i(a) = a**3 - a - 1. Let k(u) = 0*u**3 + 3*u + 6*u**2 - 2*u**3 - 2*u - 5. Suppose -6*g + 3 = -3. Let f(b) = g*k(b) + 3*i(b). Calculate f(-6).
4
Let c(h) = -5*h**2 + 9*h - 7. Let f(m) = -4*m**2 + 8*m - 6. Let n be (4 + -11 - -3)*-1. Let g(j) = n*f(j) - 3*c(j). Calculate g(3).
3
Let j(c) = -23*c**2 - 3*c + 2. Suppose -5*r + 7 = -3*b + 25, 2*b + 3*r + 7 = 0. Give j(b).
-24
Let s(o) = -3 - 6*o**2 + o**3 + 2*o**2 + 2*o + 6 + 2*o**2. Give s(3).
18
Let x(m) = -16*m**3 + 3*m**2 + 29*m - 19. Let g(z) = -3*z**3 + z**2 + 6*z - 4. Let c(r) = 11*g(r) - 2*x(r). What is c(6)?
6
Let j(w) = w**2 - 4*w - 1. Let h be j(5). Suppose h = 4*q + 28. Let d(s) = -44*s**2 + 24*s**2 + 1 + 8*s + 21*s**2 + 1 + 0. Calculate d(q).
-10
Let i(v) be the first derivative of 3*v**2/2 - 6*v - 25. Let t be i(3). Let r(c) = 3*c - 5*c - c + 4. Calculate r(t).
-5
Let h(p) = -p**2 + 3*p - 3. Let z(c) be the second derivative of -c**3/6 + 7*c**2/2 - 9*c. Let y be z(5). What is h(y)?
-1
Let z(h) be the second derivative of -5*h**3/6 + 13*h**2 - h. Let k(g) = g - 5. Let y(f) = 11*k(f) + 2*z(f). Determine y(6).
3
Let p(g) be the second derivative of -2*g**3/3 - 7*g**2/2 - g + 41. Calculate p(-3).
5
Let y(u) = -u - 1. Suppose 2*i - 36 + 11 = c, 0 = 5*c - i + 107. Let p be c/(-14)*4/(-3). What is y(p)?
1
Let p(g) be the first derivative of g**5/120 - 5*g**4/12 - 7*g**3/3 + 3. Let n(i) be the third derivative of p(i). Let f = 21 + -16. Determine n(f).
-5
Let t(s) = -s**2 - 7*s - 3. Let q be t(-7). Let d(l) = -30*l**3 + 31*l**3 + 9 - 17 + 10 + 2*l + 3*l**2. Give d(q).
-4
Let w(x) = -6*x**2 - 5*x - 2. Let g(n) = n**2 + 2. Let v(s) = 1. Let l(q) = g(q) - 2*v(q). Let b(f) = 5*l(f) + w(f). Give b(-4).
2
Suppose -5*q + 8 = l, 3*q - 7 - 1 = l. Let v(m) = q - 5 + m**2 + m - 1 + 3*m. Calculate v(-6).
8
Let k(c) = -4*c. Let v(a) be the second derivative of -a**3/2 - 4*a. Let u(b) = 4*k(b) - 5*v(b). Give u(2).
-2
Let v(m) = 6 + 3 - 23*m - 2*m + 3*m - 8. Calculate v(-1).
23
Suppose 21*k - 37*k - 64 = 0. Let w(b) = -b**3 - 4*b**2 - 2*b - 2. Give w(k).
6
Let c(d) = -8*d**2 + d + 1. Suppose 0 = -4*w - 63 - 65. Let a = -8 - -39. Let g = a + w. Calculate c(g).
-8
Let z be (-36)/(-20) + (-3)/(-30)*2. Let i(f) = 44*f + 2*f**z + 0 + 0 - 46*f. Give i(2).
4
Let i be 91130/(-4200) - -22 - (-4)/(-14). Let n(q) be the third derivative of 0*q**4 + 1/6*q**3 + i*q**6 - 1/60*q**5 + 0 - 9*q**2 + 0*q. Give n(1).
2
Let p(q) = q**2 + 3*q + 5. Let b(a) = -4*a**2 - 12*a - 16. Let o(v) = -2*b(v) - 7*p(v). Calculate o(-3).
-3
Let h(i) = i**3 + 11*i**2 + 12*i + 12. Let t be h(-10). Let w(n) = -n**2 - 8*n + 1. Let z be w(t). Let j(r) = r + r**2 + 2*r - z - r + r. Calculate j(-2).
-3
Let w(h) be the first derivative of 7*h**3/3 - 6*h + 24. Let t(f) = 11*f**2 - 9. Let a(p) = 5*t(p) - 8*w(p). Give a(3).
-6
Let u(l) = -2*l**2 + 2*l - 1. Let t = 77 + -87. Let d(x) = x**3 + 9*x**2 - 9*x + 12. Let g be d(t). Determine u(g).
-5
Suppose 0 = 5*z - 3*m - 125, -m - 8 = -z + 19. Let p be z/6 + (-2)/3. Let k(n) = -6 + 3*n**3 - 2*n - 4*n**2 - 1 + 0 - 2*n**p. Determine k(5).
8
Let u(x) = -6*x**3 + 5*x**2 + 8*x - 2. Let b(m) = -7*m**3 + 5*m**2 + 10*m - 3. Let j(s) = 5*b(s) - 6*u(s). Determine j(4).
-11
Let g(p) = p**3 + 1. Suppose 169 = 7*f + 183. Determine g(f).
-7
Let m be ((-18)/(-24))/((-2)/(-40)). Let b(s) = -m - s + 10 + 7 - s**2. Calculate b(0).
2
Let q(f) be the first derivative of 5*f + 3/2*f**2 - 23. What is q(-4)?
-7
Suppose -4*w + 8 = 0, -10*h = -6*h + 2*w + 4. Let f be (0 - h)*18/12*-1. Let z(u) = -2*u - 1 + u**2 + 0*u - 3*u**2. Determine z(f).
-13
Let q(c) = 314*c**2 + 3*c - 159*c**2 - 2 - 154*c**2. What is q(-3)?
-2
Suppose 0 = 38*i - 33*i - 35. Let w(f) = 2 + f + i + f. Determine w(-6).
-3
Let o(s) = 9*s**2 + 12*s - 4. Let k(p) = -2*p**2 - 3*p + 1. Let b(h) = 26*k(h) + 6*o(h). Let j = -6255 - -6259. Determine b(j).
10
Let s be (1 + -6)/(-1)*1. Suppose -m = -4*z + 3*m + 20, 0 = -s*z + 2*m + 19. Let r(k) = k**z - 2*k + 0*k**3 + 6*k - 6*k**2 + 1. Calculate r(5).
-4
Let f = 5 - 14. Let z = f - -4. Let i(m) = 16*m**2 - 7*m - 10*m**2 - 7 - 10*m**2 + 3*m**2. What is i(z)?
3
Let m = 5 + -6. Let y be m + 0 - 1 - -3. Let l(q) = -28*q. Let n(j) = 10*j. Let